2 + -12 - (-374 + 386)?
-25
What is the value of 0 - (8 - (7 + -1 + -3)) - 2?
-7
Evaluate -1 + 2 - -7 - (3 - -4).
1
Calculate 14 + -16 + (0 - -1).
-1
Evaluate -17 + 8 + (-13 - (-13 + 2)).
-11
What is -6 + (4 + 3 - ((0 - 1) + -1))?
3
(7 - (13 - (11 - 18))) + 1
-12
Evaluate -5 - (-10 + 19) - -11.
-3
What is -4 - -3 - (-2 + 6 + 12)?
-17
What is 3 - (2 + (9 - 11) + -1)?
4
-10 + 16 - (-52 + 61 - (0 + 7))
4
Evaluate 1 + 3 + -6 - -1.
-1
What is the value of 2 - (-7 + -4) - 11 - (0 - -12)?
-10
What is 41 - 45 - ((3 - 0) + -3) - 11?
-15
Calculate (4 - (-16 + 46)) + 2 + (-3 - 4).
-31
What is 45 - (11 + 20 + -8)?
22
Evaluate 5 + -11 + -4 - -3 - 1.
-8
Calculate (30 - (103 + -37)) + 38.
2
(-8 - (-14 + 10)) + 2 + 2 + 2
2
Evaluate 10 - (2 + 13 + -2).
-3
Evaluate -10 + 27 - (10 + -3 + -9).
19
Calculate 4 + -5 + -10 - -20.
9
What is 7 - 18 - (1 - 24)?
12
What is the value of 35 + -10 + 6 + -13?
18
Calculate (30 + -35 - -5) + -1 + -3.
-4
36 - ((103 - 91) + -11 + -2 + 4)
33
Calculate -153 + 163 - (-10 - 0).
20
What is the value of 17 - (13 - 7) - 17 - (1 + -1)?
-6
What is the value of (9 - (4 + 6 + -4)) + 1?
4
Evaluate 0 - (-16 - 0 - (1 - 5)).
12
Calculate -70 + (31 - 22) - -32.
-29
7 - (13 + -5 + (-11 - -2))
8
Evaluate 0 - -4 - (5 - -2).
-3
What is -1 - (-32 + (12 - 2))?
21
Calculate -23 + 7 - (-7 - 8).
-1
What is (2 - (15 - 9 - -1)) + 5 + -14?
-14
What is 9 - 1 - (75 + -16 + -19)?
-32
35 + -26 + (-17 + -4 - (-1 + 5))
-16
What is -11 + (5 - 4 - -8) + -8 + 0?
-10
Calculate 213 - 237 - (-17 + -1).
-6
What is 5 + -21 - (-24 - -5)?
3
What is the value of (-14 + (11 - -2) - -1) + 0 + -4?
-4
(10 + 1 + -9 - 6) + -8
-12
What is 9 + 3 + 2 + -26 + -3?
-15
Evaluate 6 + 1 + -9 + (-4 - -4).
-2
What is the value of 0 + 14 + -6 + -14 + -8?
-14
Calculate -108 + 103 + 7 + 2.
4
What is the value of 6 + (-21 - -12) + 7?
4
Calculate 6 + (3 - 3 - 8) + -7 + -5.
-14
6 - (19 - (35 - 36))
-14
Evaluate -13 - (-31 + -18 + 17).
19
Calculate 12 - (0 + (24 - 12) - -10).
-10
What is -5 + (-3 - (-5 - 9)) + -4?
2
(5 - 4) + (3 - (-7 - -14)) + 6
3
Evaluate -6 + (-5 - (0 - -2)) + 3 + 0.
-10
Evaluate 2 + 4 + (-46 - -25).
-15
Evaluate (-3 - 2) + (26 - 26) + 0.
-5
What is the value of -24 + 21 + 9 + (-6 - -1) + 17?
18
What is -8 + -9 + 14 + 4?
1
Evaluate -9 + -37 + 60 - (-13 - -2).
25
What is (22 + -21 - (-11 - (-14 - -6))) + 6?
10
0 + -7 + 6 - (13 + -4)
-10
-3 - 11 - (-14 + 10)
-10
Calculate 7 + 4 + -2 + -16.
-7
What is the value of (-8082 - -8068) + (1 - 1) + -4 + -1?
-19
What is -34 - 1 - (74 + -23 + -57)?
-29
What is the value of (-15 - -24) + 10 - -14?
33
5 + 1 - (24 - (-25 + 38))
-5
What is the value of 4 + 16 + -18 + 0 + 12?
14
Calculate 0 + -7 + (-3 - -5) - (-12 + -9).
16
What is 2 - (5 - -3) - (8 - 3)?
-11
What is the value of (-3 + 7 - 2) + (8 - 11 - 8)?
-9
Calculate 0 - (16 - 9 - -6).
-13
Evaluate 0 - ((-8 - -10) + 0) - 5 - -25.
18
20 - (3 - (-4 + 13))
26
Calculate -3 + (-10 - (15 + -6 - 15)) - 20.
-27
What is the value of 5 + 2 + 6 + (-2 - 5)?
6
Calculate -295 - -294 - (-21 - -1).
19
What is 34 + (1 - 24) + -19?
-8
What is (2 - 0 - (14 + -12)) + 5?
5
What is the value of 16 - 7 - (3 - -32 - 2) - -9?
-15
What is -30 - (-6 + 1 + -1) - -11?
-13
(0 - 9) + (-10 - -17)
-2
Calculate -5 + (24 - (-4 - -11)) + -2.
10
Calculate 7 - ((6 + -8 - 5) + 5).
9
What is 1 - (1 - (11 + -8 + -1))?
2
Calculate (-16 - -11) + (-2 - -3) - (-69 - -48).
17
Calculate (25 - -1 - (-213 - -223)) + -49.
-33
Calculate 4 + 23 + -20 + 10 + 0.
17
Calculate 17 - 12 - (-8 - (3 - (5 - 0))).
11
Calculate 9 + (58 - 28) - 17.
22
What is 1 + 17 + (0 - 10) + 248 + -241?
15
What is (-1 - (-3 + -14)) + (-46 - -38)?
8
Evaluate 28 - (15 + 10 + 11).
-8
Calculate 8 + (1 + 16 - 15).
10
Evaluate 16 + (3 - -5) + -35.
-11
What is the value of (-15 - -6) + 5 - 2 - 9?
-15
9 + -5 - (60 - 67)
11
What is (16 - (-9 - -10 - 0)) + -4?
11
10 + 3 + 13 + -22 + 1
5
1 + 1 + 0 - (563 - 578)
17
What is the value of 6 + (-15 + 12 - 0)?
3
Evaluate -51 - -76 - (0 + 15) - -5.
15
1 - (11 + (-59 - -68) + -2 + 0)
-17
What is 1 + 0 + 259 + -247?
13
-3 + 0 + 448 + -448
-3
What is the value of (-24 - -43) + -6 - (1 + -1)?
13
What is the value of (15 + -14 + -2 + 7 - 26) + -6?
-26
Calculate 115 + -97 + -35 + -1.
-18
What is 2 - (2 + (1 - 2 - (-33 + 14)))?
-18
Evaluate (-3 - -4) + 1 - -10 - 0.
12
What is the value of -6 - (2 + (-1 - -4) + -1 - -1)?
-11
-45 + 45 - (2 + -1 + 3)
-4
What is (6 - (5 + 3)) + 7 + 3 + -24?
-16
Calculate 0 + 23 - (-1524 - -1560).
-13
Evaluate (-12 - (9 + -13 + -24)) + -1 + -1.
14
Evaluate 16 + (18 - (4 - 3)) + -10 - 11.
12
-252 + 258 + 0 + (-1 - -26)
31
Calculate (-8 - (-22 + 8 - -7)) + 17.
16
What is the value of 34 - (37 + -8 + -8)?
13
Evaluate (6 - 8 - (-14 - -3)) + -11.
-2
What is the value of -9 + (-8 - -55) - (14 - 18) - 6?
36
(-2 - (0 + 8)) + (10 - 5)
-5
What is the value of (16 - 17 - -11) + -6?
4
What is 267 - 311 - (-16 + 2 + 0)?
-30
What is 15 + -1 - (-236 - -266)?
-16
What is 7 + (-9 + -4 - 6)?
-12
What is the value of -7 - (29 + 4 + -20)?
-20
What is (-4 + 13 - 6) + 4 - (25 - -3)?
-21
-14 + 15 + -10 + 2
-7
Evaluate 17 + -20 + 16 + -32.
-19
Calculate 0 - (3 - -4 - -6) - -8.
-5
8 + 3 + -2 + 15 + -9 + -11
4
Evaluate 10 + -28 + 18 + -3 + 1 + -1.
-3
What is the value of 11 + -7 + -2 + 10 + -6?
6
Calculate 9 - -1 - (10 - -5) - -5.
0
Evaluate (723 - 700) + (-11 - 1).
11
-25 + 1 + (-10 - (-9 + 2)) + 11
-16
Evaluate -20 + -2 + 0 + 3 + (1 - -2).
-16
Evaluate 0 - ((0 - (0 - 19)) + (-7 - 1)).
-11
What is the value of (28 - 18 - (12 + -2)) + -15?
-15
Calculate -8 + -13 + 7 + 7.
-7
Evaluate 0 - (1 - 0) - (-20953 + 20944).
8
What is (-2 - (-2 - -5)) + (-531 - -532)?
-4
What is 20 + 3 + 19 + -33?
9
What is the value of (-13 - (-6 - -1)) + (20 - 1)?
11
What is 33 + -28 - (1 + 6 + 14 + -2)?
-14
What is the value of 9 + -18 + 19 - 12 - (1 + -5)?
2
What is the value of (1 - 3 - (-8 + 2)) + -305 + 319?
18
What is -1 - 22 - ((-13 - 0) + 7 - -6)?
-23
Calculate 3 - (13 + -6) - 2 - (-1 + -6).
1
Calculate 74 - (41 + (22 - 27)).
38
Calculate 7 - (8 + 9 + -13 + 3 + -7).
7
Evaluate -5 - -1 - (-42 - (-18 + 11)).
31
What is the value of -1 - (29 - -17 - 31)?
-16
Calculate (-1 + -3 - -11) + -1 + 2 + -6.
2
What is the value of -15 + 12 + 15 + 6 + 0?
18
What is the value of (-5 - -3 - -22) + (10 - (18 - 0))?
12
What is the value of 51 + 34 + -73 + -11 + -1?
0
Calculate (1 - (2 - 8)) + -1 + 1.
7
Evaluate 19 - 20 - (-8 + 1) - (18 + 3).
-15
-10 + 10 - (-11 + -1) - 0
12
Calculate ((-8 - -19) + -24 - -26) + 9.
22
What is (-221 + 223 - (0 + 2)) + -15?
-15
What is the value of 0 + -7 - (11 + -19 + -14 + 0)?
15
Evaluate 10 + -29 + 14 + 15.
10
What is the value of (18 - 14) + 4 + -2 + -19?
-13
(-26 - -3) + 10 - ((5 - -1) + -9)
-10
What is 2 + -7 - (-5 + -24 + 39)?
-15
What is the value of 13 - ((7 - 8) + 10)?
4
Calculate -7 - (-9 - -7) - (0 + 3).
-8
-14 + -3 + 20 - 5
-2
Calculate 1 + -42 - -30 - ((-10 - 0) + 2).
-3
What is the value of 17 - (-8 + 7 + 1) - (-3 - -2)?
18
Evaluate -4 + -11 + -19 + 29.
-5
Evaluate 9 + 6 - 15 - 2.
-2
Evaluate 22 + (-17 - -18) + -5.
18
Evaluate 0 - (8 + (9 - 11)) - (2 + -3).
-5
13 + -41 + 19 + 1 + -1 + 3
-6
Evaluate -2 - (2 + -3) - (10 - 20 - -11).
-2
Evaluate -18 - (-12 + (-5 - -4) + 2 - -5).
-12
Calculate (-71 - -51) + 39 + 0.
19
What is -5 + (14 - 10) + -26 + 13?
-14
Evaluate -315 + 322 - (0 - 0).
7
Evaluate -3 + -4 + 10 - (-35 - -47).
-9
What is the value of 24 + -9 - (28 + -9 - 15)?
11
Evaluate -2 + 2 + (-10 - -3) + 2 + -4.
-9
(-1 - 3) + (9 - 2) + 32
35
What is the value of -2 - (12 + (0 - 0) - (711 - 706))?
-9
What is the value of (63 - 83) + (1 - (2 - 7))?
-14
Evaluate (0 - (-2 - 1)) + 0 + -2 + 4.
5
What is the value of (13 - 3 - -1) + -1 - 2?
8
What is the value of 18 - (-10 + 5 + (-13 - -25))?
11
What is 35 + 13 + -30 - 11?
7
Evaluate 6 + (-2 - 4 - 1 - 3) - -15.
11
What is (5 - 1 - (-14 + (18 - -3))) + 5?
2
4 + 1 + (-7 - (-5 - -13 - 9))
-1
2 + 15 + (-21 - 2)
-6
What is (0 - 3) + 5 - (7 - 17)?
12
Evaluate 12 - (-4 - (-9 + -4)).
3
What is the value of -1 + (-7 + 9 + -7 - 10) + 2?
-14
What is the value of (-41 - (-40 + -9)) + (-2 - 15) + -2?
-11
Calculate 0 - 6 - (374 - 401).
21
(8 - 3) + (0 + 13 - 29)
-11
Evaluate 3 + 3 + -2 + (-2 - -4).
6
What is (17 + -25 - (-9 - 0)) + -3?
-2
What is -11 + -7 + 19 + 4?
5
Evaluate 3 + 7 + 52 + -68.
